/78. What is the greatest common factor of o and 227?
227
Suppose 6039 = 13*m - 2580. Suppose 2*l + 156 = 6*l. Calculate the highest common divisor of m and l.
39
Suppose 3*r - 1146 = 42. Let z = -230 + r. Suppose -h = -4*y + 171, -4*y + 2*h + z = -0*h. What is the highest common factor of y and 4?
4
Let v be (-9*(-18)/243)/((-6)/(-108)). Suppose 0*t + t - 16 = 0. Suppose -2*d = 2*d - t, -q + 32 = -d. What is the greatest common divisor of v and q?
12
Let d(x) = 22*x**2 + 32*x + 14. Let s be d(-4). Calculate the highest common divisor of 697 and s.
17
Suppose 5*m = 2*c - 30 + 2, 4*m = c - 17. Suppose -3*b - 12 = -c*b. Suppose 0*n = n - b*k - 11, 2*n = 3*k + 17. What is the greatest common divisor of 4 and n?
1
Let u(x) = 12*x - 7. Let y be u(-11). Let t = -31 - y. Calculate the highest common divisor of t and 18.
18
Suppose 284843 = 52*n - 212544 + 102291. Calculate the highest common factor of 58 and n.
58
Let c be -3 + 20/6 - 424/(-24). Suppose 23*x - c = 14*x. What is the highest common divisor of x and 1?
1
Let s = -7231 + 7303. Calculate the greatest common factor of s and 468.
36
Suppose 96*b + 949 - 4117 = 0. Let j(k) = 4*k + 100. Let w be j(19). Calculate the highest common factor of b and w.
11
Suppose -v + 122 = 5*q, -144*v + 5*q = -140*v - 538. What is the greatest common factor of v and 12?
12
Suppose 0 = 9*s - 12*s - 5*p + 1610, 2*s - 5*p = 1040. What is the greatest common divisor of s and 110?
10
Suppose -49 + 11749 = 9*h. Suppose 12*q - h = 2*q. Calculate the greatest common factor of q and 10.
10
Suppose -5*r = 3*o - 594, -14*r = -o - 1586 - 143. Suppose 3*f + f = 3*n, 3 = -3*f + 3*n. What is the greatest common divisor of f and r?
3
Suppose -27530*j - 52 = -27536*j + 50. Suppose 5*i + 5 = 4*i, 5*h = 5*i + 365. Calculate the highest common factor of j and h.
17
Suppose c - 48 + 42 = 0. Suppose 4*m + 928 = c*m. Calculate the highest common factor of m and 58.
58
Suppose 21*m - 1035 = 20*m. Suppose u - 254 = -5*d, -d + m = 4*u - 0*u. What is the highest common divisor of u and 7?
7
Let i be 1/2 - (-28)/(-8). Let u(z) = -z**3 - 4*z**2 + 4. Let f be u(i). Let v be (-45)/f - (4 - 3). Calculate the greatest common factor of v and 8.
8
Let o(b) = b**2 + 12*b + 17. Let c be o(7). Let v(g) = 6*g + 70. Let h be v(5). What is the highest common divisor of h and c?
50
Let h = -90 - -73. Let t = 29 + h. Calculate the greatest common factor of 30 and t.
6
Suppose 0 = c + 3*r - 15, 3*c + 0*c = r - 5. Suppose -2*h = -2*k - 176, c = 4*h - 6*k + 5*k - 340. What is the highest common factor of 42 and h?
42
Suppose -2*b - 11568 = -4*l, 42*l + 2*b = 41*l + 2872. Calculate the highest common divisor of 8 and l.
8
Let t(a) = 7 - 3 - 2*a + 0 + a**3 + 11*a**2. Let f be -1*9*(-55)/(-45). Let r be t(f). What is the highest common divisor of r and 13?
13
Suppose 9*s = 7*s + 5*t - 448, -4*s = 4*t + 896. Let v = s - -236. Calculate the greatest common factor of v and 204.
12
Let q be (104/10)/(1/5). Let j(x) = -2054 + x - x**2 + 2*x - 7*x - 7*x**2 + x**3 + 2139. Let s be j(9). Calculate the greatest common factor of s and q.
26
Suppose -51 + 12 = -3*b. Suppose -3*q + b*q = 130. Calculate the highest common factor of q and 91.
13
Suppose -1544*o + 240 = -1536*o. Calculate the highest common factor of 372 and o.
6
Suppose -854 = -21*r - 518. Calculate the highest common factor of 124 and r.
4
Suppose -7*o = -71 - 769. Suppose -2*r + 3*l + 10 = -30, -r - 2*l = -6. Suppose r*d - 288 = 48. Calculate the highest common factor of d and o.
24
Let v be (-4 - 12)*(-16)/64. Calculate the greatest common divisor of v and 3028.
4
Let t(c) = -6*c - 26. Let u = -47 - -40. Let n be t(u). What is the greatest common factor of n and 24?
8
Let h(q) = q + 992. Let w be h(-67). Calculate the highest common factor of 25 and w.
25
Let l be (-347)/(-4) - (9 - ((-1309)/(-68) + -10)). What is the highest common divisor of l and 12267?
87
Suppose 606 = -5*f + 831. Let n(u) = -7*u + 34. Let c be n(1). Calculate the greatest common factor of f and c.
9
Suppose 2*a - 3*i - 746 = 0, 0 = 5*a - 4*i - 1957 + 106. Let d = -146 + a. Suppose d = s + 11. What is the greatest common factor of s and 30?
30
Suppose 31372 = 82*p - 36*p. What is the greatest common factor of 310 and p?
62
Suppose 0 = 3*n + 9*u - 7*u - 7385, -5*n = -2*u - 12335. What is the greatest common divisor of n and 290?
145
Let t be ((-35)/(-20))/(0 - 8/(-2400)). Calculate the highest common factor of t and 273.
21
Suppose 0 = 4*d + 146 - 206. Suppose 1863 = 4*t - q, 2*t + 0*q - 3*q - 939 = 0. What is the highest common factor of t and d?
15
Suppose -4*h = 2*n + 2, 5*h + 1 + 0 = -n. Let q = n + 2. Let s be (106 - q)*1/3. What is the greatest common factor of s and 245?
35
Let h = 30 - 34. Let j(q) = q + 4. Let w be j(h). Suppose -8*d + 5*d + 651 = w. Calculate the highest common divisor of 31 and d.
31
Suppose 36*u - 20 = 31*u, i + 4*u - 313 = 0. What is the highest common divisor of i and 702?
27
Suppose 3*t = -4*a + 59, 0 = -3*t - 13 + 4. Suppose -a*r = -16*r. Suppose 4*s - 88 + 40 = r. What is the highest common divisor of s and 8?
4
Let c = -25 + 27. Let u(f) = -2*f - 2 + 0*f + c + 39. Let o be u(16). What is the greatest common factor of 21 and o?
7
Let d(q) = -q**3 + 11*q**2 + 29*q - 23. Let k be d(13). Let i = -19 + 9. Let x be ((-32)/(-40))/((-1)/i). What is the greatest common divisor of k and x?
8
Suppose 5*v = 2*x - 4 + 72, -4*x = 3*v - 72. Calculate the greatest common divisor of v and 392.
8
Let w = -3410 - -3818. What is the highest common factor of w and 48?
24
Let s be 4/(-6)*(-1533)/(-146) - -10. Calculate the greatest common divisor of s and 15.
3
Let b be -1 + -2 - 126/(-12)*336. What is the highest common factor of b and 75?
75
Let x be (-3)/(-8) - (38 + 934283/(-184)). What is the greatest common divisor of x and 100?
20
Let b = 306 - -79. Calculate the highest common divisor of b and 231.
77
Suppose -16*b + 132 = 4. Suppose b*v - 58 = -2. Calculate the greatest common factor of 112 and v.
7
Suppose -64*s = -59*s - 50. Suppose s*c - 15*c = -105. Suppose -4*r - 98 = -350. Calculate the highest common factor of r and c.
21
Let q(p) = 3*p**2 - 10*p + 26. Let o = -99 + 102. Let r be q(o). Calculate the greatest common divisor of r and 1.
1
Let o(g) = 6*g**2 - 104*g - 1742. Let y be o(-14). What is the greatest common divisor of y and 8366?
178
Let g(c) = 38*c + 218. Let w(r) = r**2 - 11*r + 13. Let f be w(9). Let m be g(f). Calculate the highest common divisor of m and 12.
4
Let a be (-1)/(1 - 6 - 168/(-35)). Let s(q) = 13*q - 27. Let y be s(14). What is the greatest common factor of a and y?
5
Let h be 522 - -6 - 0 - 20. Calculate the greatest common divisor of 64 and h.
4
Suppose 25*r - 2713 - 1067 = -5*r. What is the highest common divisor of r and 2583?
63
Suppose -6*o = -10*o + 1472. Suppose 7*f - 139 = 85. Calculate the greatest common factor of o and f.
16
Let r(x) = 192*x - 195. Let w be r(2). Let j = -6 + 9. Suppose 12*a = j*a + w. What is the highest common factor of 7 and a?
7
Suppose 169 + 311 = 4*f. Let q(y) = y**3 + 33*y**2 + 54*y - 173. Let g be q(-31). Calculate the highest common divisor of g and f.
15
Let l be (4240/110 + -14)*33. What is the greatest common factor of l and 330?
30
Let g = 10 + -5. Suppose 5*a - 35 = -5*k, 261*a - 4*k - 17 = 256*a. Calculate the greatest common factor of g and a.
5
Suppose -4*n = 2*c - 344, 0 = c - 4*n - 94 - 54. Suppose -2*w - 15*f + 14*f + 22 = 0, -w = 4*f - 32. Calculate the greatest common divisor of w and c.
4
Let k be (-144)/(-32)*(-16)/(-3). Suppose 2*r - 12 = -4*o, o = -0*r - 2*r + 3. What is the greatest common factor of k and o?
3
Let q(l) = -2*l**3 + 123*l**2 - 178*l + 280. Let x be q(60). Calculate the highest common divisor of 24400 and x.
400
Let w = 4765 - 4764. What is the highest common factor of w and 349?
1
Let x = 10 - 4. Suppose -5*z - 4*u + 666 = -7*u, 744 = 6*z + u. Calculate the greatest common factor of x and z.
6
Let a be ((-6)/(-8))/(2217/19054376). What is the highest common factor of 121 and a?
11
Suppose -72*q + 1692 = 396. Suppose -6*k = -2*k - 16. Suppose k*l = 2*b + 40, 4*b + 4 = 2*l - b. What is the greatest common factor of l and q?
6
Let o be (-8)/6*(-1785)/170. Calculate the highest common factor of 266 and o.
14
Le